GIF89a;
17.246.23.51 - - [20/Apr/2026:17:36:47 +0530] "GET /bumppy/2014/11/He-is-your-best-friend-who-never-opens-your-secrets-in-front-of-anyone-360x240.gif HTTP/1.1" 200 66806 "-" "Mozilla/5.0 (Macintosh; Intel Mac OS X 10_15_7) AppleWebKit/605.1.15 (KHTML, like Gecko) Version/17.4 Safari/605.1.15 (Applebot/0.1; +http://www.apple.com/go/applebot)"
116.179.32.149 - - [20/Apr/2026:17:38:03 +0530] "GET /bumppy/2023/10/image-of-crypto-currency-533x261.png HTTP/1.1" 200 0 "-" "Baiduspider-image+(+http://www.baidu.com/search/spider.htm)"
119.249.100.170 - - [20/Apr/2026:17:38:03 +0530] "GET /bumppy/2023/10/image-of-crypto-currency-533x261.png HTTP/1.1" 200 0 "-" "Mozilla/5.0 (Windows NT 10.0; WOW64) AppleWebKit/537.36 (KHTML, like Gecko) Chrome/48.0.2564.116 Safari/537.36"
119.249.100.171 - - [20/Apr/2026:17:38:04 +0530] "GET /bumppy/2023/10/image-of-crypto-currency-533x261.png HTTP/1.1" 200 0 "-" "Mozilla/5.0 (Windows NT 10.0; WOW64) AppleWebKit/537.36 (KHTML, like Gecko) Chrome/48.0.2564.116 Safari/537.36"
17.22.237.241 - - [20/Apr/2026:17:38:44 +0530] "GET /bumppy/2017/03/How-Women-Look-on-the-Pages-of-Glossy-Magazines-VS.-How-They-Actually-Look-in-Real-Life-144x144.jpg HTTP/1.1" 200 0 "-" "Mozilla/5.0 (Macintosh; Intel Mac OS X 10_15_7) AppleWebKit/605.1.15 (KHTML, like Gecko) Version/17.4 Safari/605.1.15 (Applebot/0.1; +http://www.apple.com/go/applebot)"
17.22.253.125 - - [20/Apr/2026:17:38:58 +0530] "GET /bumppy/2014/11/His-presence-in-school-never-make-student-to-feel-sad-about-absence-of-jokers-300x200.gif HTTP/1.1" 200 0 "-" "Mozilla/5.0 (Macintosh; Intel Mac OS X 10_15_7) AppleWebKit/605.1.15 (KHTML, like Gecko) Version/17.4 Safari/605.1.15 (Applebot/0.1; +http://www.apple.com/go/applebot)"
116.179.32.201 - - [20/Apr/2026:17:39:36 +0530] "GET /bumppy/2023/04/baking-265x198.jpg HTTP/1.1" 200 0 "-" "Baiduspider-image+(+http://www.baidu.com/search/spider.htm)"
119.249.100.43 - - [20/Apr/2026:17:39:36 +0530] "GET /bumppy/2023/04/baking-265x198.jpg HTTP/1.1" 200 0 "-" "Mozilla/5.0 (Windows NT 10.0; WOW64) AppleWebKit/537.36 (KHTML, like Gecko) Chrome/48.0.2564.116 Safari/537.36"
119.249.100.178 - - [20/Apr/2026:17:39:37 +0530] "GET /bumppy/2023/04/baking-265x198.jpg HTTP/1.1" 200 0 "-" "Mozilla/5.0 (Windows NT 10.0; WOW64) AppleWebKit/537.36 (KHTML, like Gecko) Chrome/48.0.2564.116 Safari/537.36"
172.190.142.176 - - [20/Apr/2026:17:40:00 +0530] "GET /wp-content/plugins/hellopress/wp_filemanager.php HTTP/1.1" 404 0 "-" "-"
172.190.142.176 - - [20/Apr/2026:17:40:01 +0530] "GET /wp-content/plugins/hellopress/wp_filemanager.php HTTP/1.1" 404 0 "-" "-"
172.190.142.176 - - [20/Apr/2026:17:40:03 +0530] "GET /wp-content/plugins/hellopress/wp_filemanager.php HTTP/1.1" 404 0 "-" "-"
172.190.142.176 - - [20/Apr/2026:17:40:04 +0530] "GET /wp-content/plugins/hellopress/wp_filemanager.php HTTP/1.1" 404 0 "-" "-"
17.241.227.61 - - [20/Apr/2026:17:40:39 +0530] "GET /bumppy/2015/06/Contrasting-Yourself-With-Others-Is-Not-A-Smart-thought.-This-Fellow-Lets-you-know-Why-Superbly.--150x150.png HTTP/1.1" 200 0 "-" "Mozilla/5.0 (Macintosh; Intel Mac OS X 10_15_7) AppleWebKit/605.1.15 (KHTML, like Gecko) Version/17.4 Safari/605.1.15 (Applebot/0.1; +http://www.apple.com/go/applebot)"
220.181.108.176 - - [20/Apr/2026:17:41:10 +0530] "GET /bumppy/2024/03/image-5-534x296.png HTTP/1.1" 200 58104 "-" "Baiduspider-image+(+http://www.baidu.com/search/spider.htm)"
17.241.219.66 - - [20/Apr/2026:17:41:12 +0530] "GET /bumppy/2015/07/Did-You-Know-That-Google-Doodle-Started-In-1998-This-And-9-More-Surprising-Facts-About-The-Internet-Giant-357x240.png HTTP/1.1" 200 51669 "-" "Mozilla/5.0 (Macintosh; Intel Mac OS X 10_15_7) AppleWebKit/605.1.15 (KHTML, like Gecko) Version/17.4 Safari/605.1.15 (Applebot/0.1; +http://www.apple.com/go/applebot)"
220.181.108.81 - - [20/Apr/2026:17:42:51 +0530] "GET /bumppy/2016/01/French-Street-Artist-Changes-Exhausting-Structures-The-world-over-Into-Masterpieces.jpg HTTP/1.1" 200 0 "-" "Baiduspider-image+(+http://www.baidu.com/search/spider.htm)"
220.181.51.90 - - [20/Apr/2026:17:42:53 +0530] "GET /bumppy/2016/01/French-Street-Artist-C116.179.32.105 - - [20/Apr/2026:18:10:25 +0530] "GET /bumppy/2014/12/2-960x700.jpg HTTP/1.1" 200 70761 "-" "Baiduspider-image+(+http://www.baidu.com/search/spider.htm)"
116.179.32.233 - - [20/Apr/2026:18:11:12 +0530] "GET /bumppy/2024/03/AI-voice-generator-696x392.png HTTP/1.1" 200 351361 "-" "Baiduspider-image+(+http://www.baidu.com/search/spider.htm)"
66.249.66.37 - - [20/Apr/2026:18:13:20 +0530] "GET /bumppy/2016/10/ HTTP/1.1" 200 226938 "-" "Mozilla/5.0 (Linux; Android 6.0.1; Nexus 5X Build/MMB29P) AppleWebKit/537.36 (KHTML, like Gecko) Chrome/146.0.7680.177 Mobile Safari/537.36 (compatible; GoogleOther)"
66.249.66.36 - - [20/Apr/2026:18:14:40 +0530] "GET /bumppy/2016/10/ HTTP/1.1" 200 226986 "-" "Mozilla/5.0 (Linux; Android 6.0.1; Nexus 5X Build/MMB29P) AppleWebKit/537.36 (KHTML, like Gecko) Chrome/146.0.7680.177 Mobile Safari/537.36 (compatible; Googlebot/2.1; +http://www.google.com/bot.html)"
17.241.219.150 - - [20/Apr/2026:18:14:59 +0530] "GET /bumppy/2024/04/battery-usage-for-andorid-150x84.png HTTP/1.1" 200 21783 "-" "Mozilla/5.0 (Macintosh; Intel Mac OS X 10_15_7) AppleWebKit/605.1.15 (KHTML, like Gecko) Version/17.4 Safari/605.1.15 (Applebot/0.1; +http://www.apple.com/go/applebot)"
116.179.32.82 - - [20/Apr/2026:18:18:53 +0530] "GET /bumppy/2018/06/1-10-356x364.jpg HTTP/1.1" 200 32494 "-" "Baiduspider-image+(+http://www.baidu.com/search/spider.htm)"
116.179.32.14 - - [20/Apr/2026:18:19:39 +0530] "GET /bumppy/2014/11/At-a-certain-point-life-becomes-very-much-boring.gif HTTP/1.1" 200 931031 "-" "Baiduspider-image+(+http://www.baidu.com/search/spider.htm)"
220.181.108.110 - - [20/Apr/2026:18:20:25 +0530] "GET /bumppy/2016/03/22-300x202.png HTTP/1.1" 200 49804 "-" "Baiduspider-image+(+http://www.baidu.com/search/spider.htm)"
216.244.66.250 - - [20/Apr/2026:18:22:35 +0530] "GET /robots.txt HTTP/1.1" 404 315 "-" "Mozilla/5.0 (compatible; DotBot/1.2; +https://opensiteexplorer.org/dotbot; help@moz.com)"
116.179.32.200 - - [20/Apr/2026:18:22:43 +0530] "GET /bumppy/2018/06/1.-12-Unforgettable-Dialogues-From-Fantasy-movies-That-Will-Always-reverberate-In-Your-Hearts-588x420.jpg HTTP/1.1" 200 53404 "-" "Baiduspider-image+(+http://www.baidu.com/search/spider.htm)"
220.181.108.165 - - [20/Apr/2026:18:22:44 +0530] "GET /bumppy/2017/06/17620471_1211886015597018_8214478236464422220_o-59300a71953c4__880.jpg HTTP/1.1" 200 105516 "-" "Baiduspider-image+(+http://www.baidu.com/search/spider.htm)"
129.222.195.70 - - [20/Apr/2026:18:23:27 +0530] "GET /bumppy/avatars/23/?C=N;O=A HTTP/1.1" 404 315 "-" "Mozilla/5.0 (Windows NT 10.0; Win64; x64) AppleWebKit/537.36 (KHTML, like Gecko) Chrome/121.0.0.0 Safari/537.36 Edg/121.0.0.0"
220.181.108.112 - - [20/Apr/2026:18:26:35 +0530] "GET /bumppy/2014/12/If-Married-Then-Wife-Gets-Annoying-And-If-Bachelor-Then-Girlfriend-Gets-282x232.gif HTTP/1.1" 200 36602 "-" "Mozilla/5.0 (compatible; Baiduspider/2.0; +http://www.baidu.com/search/spider.html)"
220.181.108.93 - - [20/Apr/2026:18:29:40 +0530] "GET /bumppy/2017/06/15578172_1108715322580755_7977784518667589485_o-59300a3e80287__880-768x768.jpg HTTP/1.1" 200 119096 "-" "Baiduspider-image+(+http://www.baidu.com/search/spider.htm)"
116.179.32.132 - - [20/Apr/2026:18:31:12 +0530] "GET /bumppy/2018/06/1.-10-Move-on-quotes-you-need-to-check-after-a-Bad-Realtionship-588x420.jpg HTTP/1.1" 200 48598 "-" "Baiduspider-image+(+http://www.baidu.com/search/spider.htm)"
116.179.32.66 - - [20/Apr/2026:18:33:32 +0530] "GET /bumppy/2016/05/Brilliant-Powerful-Illustrations-That-Show-Animals-Treating-Us-The-Way-We-Treat-Them-552-300x268.jpg HTTP/1.1" 200 18383 "-" "Baiduspider-image+(+http://www.baidu.com/search/spider.htm)"
17.241.75.112 - - [20/Apr/2026:18:34:00 +0530] "GET /bumppy/2017/03/50-Intense-Photographs-Of-Service-Mutts-That-All-Merit-An-Award-For-Serving-Their-Nation-144x144.jpg HTTP/1.1" 200 5225 "-" "Mozilla/5.0 (Macintosh; Intel Mac OS X 10_15_7) AppleWebKit/605.1.15 (KHTML, like Gecko) Version/17.4 Safari/605.1.15 (Applebot/0.1; +http://www.apple.com/go/applebot)"
116.179.32.19 - - [20/Apr/2026:18:34:16 +0530] "GET /bumppy/2014/08/bengal-150x150.jpg HTTP/1.1" 200 7082 "-" "Baiduspider-image+(+http://www.baidu.com/search/spider.htm)"
220.181.108.175 - - [20/Apr/2026:18:35:49 +0530] "GET /bumppy/2017/06/17505111_1207111129407840_7713218942240009909_o-59300a6b6cbb4__880.jpg HTTP/1.1" 200 90399 "-" "Baiduspider-image+(+http://www.baidu.com/search/spider.htm)"
116.179.32.20 - - [20/Apr/2026:18:38:09 +0530] "GET /bumppy/2018/06/1.-13-hilarious-and-sensual-laws-that-are-even-repeatedly-today-300x214.jpg HTTP/1.1" 200 11899 "-" "Baiduspider-image+(+http://www.baidu.com/search/spider.htm)"
154.54.249.200 - - [20/Apr/2026:18:38:19 +0530] "GET /bumppy/2023/01/Whale-696x385.webp HTTP/1.1" 200 55908 "-" "Mozilla/5.0 (compatible; Barkrowler/0.9; +https://babbar.tech/crawler)"
217.113.194.75 - - [20/Apr/2026:18:38:34 +0530] "GET /bumppy/2023/01/Whale-1536x1025.webp HTTP/1.1" 200 168434 "-" "Mozilla/5.0 (compatible; Barkrowler/0.9; +https://babbar.tech/crawler)"
217.113.194.73 - - [20/Apr/2026:18:38:46 +0530] "GET /bumppy/2023/01/Whale-324x235.webp HTTP/1.1" 200 22794 "-" "Mozilla/5.0 (compatible; Barkrowler/0.9; +https://babbar.tech/crawler)"
217.113.194.74 - - [20/Apr/2026:18:39:05 +0530] "GET /bumppy/2023/01/Whale-741x486.webp HTTP/1.1" 200 69848 "-" "Mozilla/5.0 (compatible; Barkrowler/0.9; +https://babbar.tech/crawler)"
217.113.194.218 - - [20/Apr/2026:18:39:22 +0530] "GET /bumppy/2023/01/Exercise-1068x580.webp HTTP/1.1" 200 54860 "-" "Mozilla/5.0 (compatible; Barkrowler/0.9; +https://babbar.tech/crawler)"
116.179.32.134 - - [20/Apr/2026:18:39:41 +0530] "GET /bumppy/2018/06/1.-12-Unforgettable-Dialogues-From-Fantasy-movies-That-Will-Always-reverberate-In-Your-Hearts-356x364.jpg HTTP/1.1" 200 31955 "-" "Baiduspider-image+(+http://www.baidu.com/search/spider.htm)"
217.113.194.217 - - [20/Apr/2026:18:39:52 +0530] "GET /bumppy/2023/01/Skiing-696x385.webp HTTP/1.1" 200 38688 "-" "Mozilla/5.0 (compatible; Barkrowler/0.9; +https://babbar.tech/crawler)"
217.113.194.74 - - [20/Apr/2026:18:40:11 +0530] "GET /bumppy/2023/01/Skiing-696x522.webp HTTP/1.1" 200 52300 "-" "Mozilla/5.0 (compatible; Barkrowler/0.9; +https://babbar.tech/crawler)"
217.113.194.217 - - [20/Apr/2026:18:40:32 +0530] "GET /bumppy/2023/01/Skiing-324x400.webp HTTP/1.1" 200 21488 "-" "Mozilla/5.0 (compatible; Barkrowler/0.9; +https://babbar.tech/crawler)"
17.22.253.170 - - [20/Apr/2026:18:40:45 +0530] "GET /bumppy/2015/06/This-Is-What-Being-A-Man-Is-Truly-About.jpg HTTP/1.1" 200 82633 "-" "Mozilla/5.0 (Macintosh; Intel Mac OS X 10_15_7) AppleWebKit/605.1.15 (KHTML, like Gecko) Version/17.4 Safari/605.1.15 (Applebot/0.1; +http://www.apple.com/go/applebot)"
217.113.194.74 - - [20/Apr/2026:18:40:55 +0530] "GET /bumppy/2023/01/Skiing-265x198.webp HTTP/1.1" 200 10508 "-" "Mozilla/5.0 (compatible; Barkrowler/0.9; +https://babbar.tech/crawler)"
217.113.194.75 - - [20/Apr/2026:18:41:16 +0530] "GET /bumppy/2023/01/Skiing-560x420.webp HTTP/1.1" 200 37466 "-" "Mozilla/5.0 (compatible; Barkrowler/0.9; +https://babbar.tech/crawler)"
217.113.194.74 - - [20/Apr/2026:18:41:36 +0530] "GET /bumppy/2023/01/Skiing-1068x580.webp HTTP/1.1" 200 67708 "-" "Mozilla/5.0 (compatible; Barkrowler/0.9; +https://babbar.tech/crawler)"
217.113.194.77 - - [20/Apr/2026:18:42:13 +0530] "GET /bumppy/2023/01/Skiing-1068x801.webp HTTP/1.1" 200 96476 "-" "Mozilla/5.0 (compatible; Barkrowler/0.9; +https://babbar.tech/crawler)"
217.113.194.77 - - [20/Apr/2026:18:42:45 +0530] "GET /bumppy/2023/01/Skiing-768x576.webp HTTP/1.1" 200 60210 "-" "Mozilla/5.0 (compatible; Barkrowler/0.9; +https://babbar.tech/crawler)"
154.54.249.200 - - [20/Apr/2026:18:43:02 +0530] "GET /bumppy/2023/11/Spiritual-265x198.webp HTTP/1.1" 200 9646 "-" "Mozilla/5.0 (compatible; Barkrowler/0.9; +https://babbar.tech/crawler)"
217.113.194.72 - - [20/Apr/2026:18:43:19 +0530] "GET /bumppy/2023/11/Spiritual-534x462.webp HTTP/1.1" 200 31926 "-" "Mozilla/5.0 (compatible; Barkrowler/0.9; +https://babbar.tech/crawler)"
217.113.194.76 - - [20/Apr/2026:18:43:42 +0530] "GET /bumppy/2023/11/Spiritual-768x337.webp HTTP/1.1" 200 28994 "-" "Mozilla/5.0 (compatible; Barkrowler/0.9; +https://babbar.tech/crawler)"
217.113.194.79 - - [20/Apr/2026:18:44:02 +0530] "GET /bumppy/2023/11/Spiritual-696x385.webp HTTP/1.1" 200 32382 "-" "Mozilla/5.0 (compatible; Barkrowler/0.9; +https://babbar.tech/crawler)"
217.113.194.77 - - [20/Apr/2026:18:44:18 +0530] "GET /bumppy/2023/11/Spiritual-533x261.webp HTTP/1.1" 200 19288 "-" "Mozilla/5.0 (compatible; Barkrowler/0.9; +https://babbar.tech/crawler)"
217.113.194.77 - - [20/Apr/2026:18:44:42 +0530] "GET /bumppy/2023/11/Spiritual-640x650.webp HTTP/1.1" 200 39222 "-" "Mozilla/5.0 (compatible; Barkrowler/0.9; +https://babbar.tech/crawler)"
217.113.194.75 - - [20/Apr/2026:18:44:55 +0530] "GET /bumppy/2023/11/Spiritual-324x235.webp HTTP/1.1" 200 12738 "-" "Mozilla/5.0 (compatible; Barkrowler/0.9; +https://babbar.tech/crawler)"
217.113.194.217 - - [20/Apr/2026:18:45:09 +0530] "GET /bumppy/2023/11/Spiritual-356x364.webp HTTP/1.1" 200 19168 "-" "Mozilla/5.0 (compatible; Barkrowler/0.9; +https://babbar.tech/crawler)"
217.113.194.74 - - [20/Apr/2026:18:45:25 +0530] "GET /bumppy/2023/11/Spiritual-356x220.webp HTTP/1.1" 200 13024 "-" "Mozilla/5.0 (compatible; Barkrowler/0.9; +https://babbar.tech/crawler)"
217.113.194.79 - - [20/Apr/2026:18:45:38 +0530] "GET /bumppy/2023/11/Spiritual-1068x580.webp HTTP/1.1" 200 59656 "-" "Mozilla/5.0 (compatible; Barkrowler/0.9; +https://babbar.tech/crawler)"
154.54.249.200 - - [20/Apr/2026:18:45:51 +0530] "GET /bumppy/2023/11/Spiritual-956x420.webp HTTP/1.1" 200 40466 "-" "Mozilla/5.0 (compatible; Barkrowler/0.9; +https://babbar.tech/crawler)"
217.113.194.72 - - [20/Apr/2026:18:46:04 +0530] "GET /bumppy/2023/11/Online-casino-games-100x70.webp HTTP/1.1" 200 2818 "-" "Mozilla/5.0 (compatible; Barkrowler/0.9; +https://babbar.tech/crawler)"
217.113.194.217 - - [20/Apr/2026:18:46:17 +0530] "GET /bumppy/2023/04/NFL-1068x694.webp HTTP/1.1" 200 112972 "-" "Mozilla/5.0 (compatible; Barkrowler/0.9; +https://babbar.tech/crawler)"
217.113.194.81 - - [20/Apr/2026:18:46:30 +0530] "GET /bumppy/2023/10/Rummy-747x420.webp HTTP/1.1" 200 21398 "-" "Mozilla/5.0 (compatible; Barkrowler/0.9; +https://babbar.tech/crawler)"
220.181.108.105 - - [20/Apr/2026:18:46:37 +0530] "GET /bumppy/2018/06/1-50-356x220.jpg HTTP/1.1" 200 31443 "-" "Baiduspider-image+(+http://www.baidu.com/search/spider.htm)"
217.113.194.217 - - [20/Apr/2026:18:46:46 +0530] "GET /bumppy/2023/10/Rummy-640x675.webp HTTP/1.1" 200 26322 "-" "Mozilla/5.0 (compatible; Barkrowler/0.9; +https://babbar.tech/crawler)"
217.113.194.79 - - [20/Apr/2026:18:47:00 +0530] "GET /bumppy/2023/10/Rummy-1024x576.webp HTTP/1.1" 200 30302 "-" "Mozilla/5.0 (compatible; Barkrowler/0.9; +https://babbar.tech/crawler)"
154.54.249.200 - - [20/Apr/2026:18:47:19 +0530] "GET /bumppy/2023/10/Rummy-324x160.webp HTTP/1.1" 200 7738 "-" "Mozilla/5.0 (compatible; Barkrowler/0.9; +https://babbar.tech/crawler)"
217.113.194.77 - - [20/Apr/2026:18:47:32 +0530] "GET /bumppy/2023/10/Rummy-324x235.webp HTTP/1.1" 200 10186 "-" "Mozilla/5.0 (compatible; Barkrowler/0.9; +https://babbar.tech/crawler)"
217.113.194.77 - - [20/Apr/2026:18:47:48 +0530] "GET /bumppy/2023/10/Rummy-96x96.webp HTTP/1.1" 200 2760 "-" "Mozilla/5.0 (compatible; Barkrowler/0.9; +https://babbar.tech/crawler)"
217.113.194.80 - - [20/Apr/2026:18:48:02 +0530] "GET /bumppy/2023/10/Rummy-150x84.webp HTTP/1.1" 200 3066 "-" "Mozilla/5.0 (compatible; Barkrowler/0.9; +https://babbar.tech/crawler)"
217.113.194.76 - - [20/Apr/2026:18:48:35 +0530] "GET /bumppy/2023/10/Rummy-534x462.webp HTTP/1.1" 200 19528 "-" "Mozilla/5.0 (compatible; Barkrowler/0.9; +https://babbar.tech/crawler)"
217.113.194.218 - - [20/Apr/2026:18:48:48 +0530] "GET /bumppy/2023/10/Rummy-696x392.webp HTTP/1.1" 200 19508 "-" "Mozilla/5.0 (compatible; Barkrowler/0.9; +https://babbar.tech/crawler)"
217.113.194.73 - - [20/Apr/2026:18:49:02 +0530] "GET /bumppy/2023/12/3chi-150x100.webp HTTP/1.1" 200 7568 "-" "Mozilla/5.0 (compatible; Barkrowler/0.9; +https://babbar.tech/crawler)"
217.113.194.78 - - [20/Apr/2026:18:49:24 +0530] "GET /bumppy/2023/12/3chi-150x150.webp HTTP/1.1" 200 10014 "-" "Mozilla/5.0 (compatible; Barkrowler/0.9; +https://babbar.tech/crawler)"
217.113.194.74 - - [20/Apr/2026:18:49:47 +0530] "GET /bumppy/2023/12/3chi-640x800.webp HTTP/1.1" 200 89374 "-" "Mozilla/5.0 (compatible; Barkrowler/0.9; +https://babbar.tech/crawler)"
217.113.194.74 - - [20/Apr/2026:18:50:00 +0530] "GET /bumppy/2023/12/3chi-96x96.webp HTTP/1.1" 200 4750 "-" "Mozilla/5.0 (compatible; Barkrowler/0.9; +https://babbar.tech/crawler)"
217.113.194.81 - - [20/Apr/2026:18:50:13 +0530] "GET /bumppy/2023/12/3chi-534x462.webp HTTP/1.1" 200 58408 "-" "Mozilla/5.0 (compatible; Barkrowler/0.9; +https://babbar.tech/crawler)"
217.113.194.218 - - [20/Apr/2026:18:50:27 +0530] "GET /bumppy/2023/12/3chi-324x235.webp HTTP/1.1" 200 26594 "-" "Mozilla/5.0 (compatible; Barkrowler/0.9; +https://babbar.tech/crawler)"
217.113.194.76 - - [20/Apr/2026:18:50:40 +0530] "GET /bumppy/2023/12/3chi-696x385.webp HTTP/1.1" 200 62384 "-" "Mozilla/5.0 (compatible; Barkrowler/0.9; +https://babbar.tech/crawler)"
17.246.23.222 - - [20/Apr/2026:18:50:42 +0530] "GET /bumppy/2015/03/Coffee-becomes-a-drug-for-you.gif HTTP/1.1" 200 844439 "-" "Mozilla/5.0 (Macintosh; Intel Mac OS X 10_15_7) AppleWebKit/605.1.15 (KHTML, like Gecko) Version/17.4 Safari/605.1.15 (Applebot/0.1; +http://www.apple.com/go/applebot)"
217.113.194.78 - - [20/Apr/2026:18:50:54 +0530] "GET /bumppy/2023/12/3chi-696x464.webp HTTP/1.1" 200 73856 "-" "Mozilla/5.0 (compatible; Barkrowler/0.9; +https://babbar.tech/crawler)"
217.113.194.217 - - [20/Apr/2026:18:51:07 +0530] "GET /bumppy/2023/12/3chi-218x150.webp HTTP/1.1" 200 14176 "-" "Mozilla/5.0 (compatible; Barkrowler/0.9; +https://babbar.tech/crawler)"
217.113.194.217 - - [20/Apr/2026:18:51:21 +0530] "GET /bumppy/2023/02/Puppy-1024x431.webp HTTP/1.1" 200 25958 "-" "Mozilla/5.0 (compatible; Barkrowler/0.9; +https://babbar.tech/crawler)"
217.113.194.72 - - [20/Apr/2026:18:51:34 +0530] "GET /bumppy/2023/02/Puppy-324x160.webp HTTP/1.1" 200 5884 "-" "Mozilla/5.0 (compatible; Barkrowler/0.9; +https://babbar.tech/crawler)"
217.113.194.74 - - [20/Apr/2026:18:51:49 +0530] "GET /bumppy/2023/02/eyewear-1536x864.webp HTTP/1.1" 200 208960 "-" "Mozilla/5.0 (compatible; Barkrowler/0.9; +https://babbar.tech/crawler)"
217.113.194.76 - - [20/Apr/2026:18:52:02 +0530] "GET /bumppy/2023/02/eyewear-1068x601.webp HTTP/1.1" 200 82562 "-" "Mozilla/5.0 (compatible; Barkrowler/0.9; +https://babbar.tech/crawler)"
217.113.194.78 - - [20/Apr/2026:18:52:15 +0530] "GET /bumppy/2023/08/Rummy-640x853.webp HTTP/1.1" 200 20340 "-" "Mozilla/5.0 (compatible; Barkrowler/0.9; +https://babbar.tech/crawler)"
217.113.194.218 - - [20/Apr/2026:18:52:28 +0530] "GET /bumppy/2023/08/Rummy-1024x576.webp HTTP/1.1" 200 28730 "-" "Mozilla/5.0 (compatible; Barkrowler/0.9; +https://babbar.tech/crawler)"
217.113.194.217 - - [20/Apr/2026:18:52:41 +0530] "GET /bumppy/2023/08/Rummy-324x160.webp HTTP/1.1" 200 7822 "-" "Mozilla/5.0 (compatible; Barkrowler/0.9; +https://babbar.tech/crawler)"
220.181.108.165 - - [20/Apr/2026:18:52:50 +0530] "GET /bumppy/2024/03/image-2-877x420.png HTTP/1.1" 200 105612 "-" "Baiduspider-image+(+http://www.baidu.com/search/spider.htm)"
154.54.249.200 - - [20/Apr/2026:18:52:53 +0530] "GET /bumppy/2023/08/Rummy-96x96.webp HTTP/1.1" 200 2620 "-" "Mozilla/5.0 (compatible; Barkrowler/0.9; +https://babbar.tech/crawler)"
217.113.194.81 - - [20/Apr/2026:18:53:07 +0530] "GET /bumppy/2023/08/Rummy-150x84.webp HTTP/1.1" 200 3548 "-" "Mozilla/5.0 (compatible; Barkrowler/0.9; +https://babbar.tech/crawler)"
217.113.194.217 - - [20/Apr/2026:18:53:20 +0530] "GET /bumppy/2023/08/Malaysia-casino-1024x630.webp HTTP/1.1" 200 55758 "-" "Mozilla/5.0 (compatible; Barkrowler/0.9; +https://babbar.tech/crawler)"
217.113.194.74 - - [20/Apr/2026:18:53:34 +0530] "GET /bumppy/2023/08/Malaysia-casino-324x160.webp HTTP/1.1" 200 12628 "-" "Mozilla/5.0 (compatible; Barkrowler/0.9; +https://babbar.tech/crawler)"
217.113.194.73 - - [20/Apr/2026:18:53:47 +0530] "GET /bumppy/2023/08/Casino-1068x601.webp HTTP/1.1" 200 48406 "-" "Mozilla/5.0 (compatible; Barkrowler/0.9; +https://babbar.tech/crawler)"
217.113.194.79 - - [20/Apr/2026:18:54:00 +0530] "GET /bumppy/2023/06/familybond-356x364.webp HTTP/1.1" 200 24354 "-" "Mozilla/5.0 (compatible; Barkrowler/0.9; +https://babbar.tech/crawler)"
217.113.194.78 - - [20/Apr/2026:18:54:14 +0530] "GET /bumppy/2023/06/familybond-265x198.webp HTTP/1.1" 200 14752 "-" "Mozilla/5.0 (compatible; Barkrowler/0.9; +https://babbar.tech/crawler)"
154.54.249.200 - - [20/Apr/2026:18:54:27 +0530] "GET /bumppy/2023/06/familybond-534x462.webp HTTP/1.1" 200 41778 "-" "Mozilla/5.0 (compatible; Barkrowler/0.9; +https://babbar.tech/crawler)"
217.113.194.72 - - [20/Apr/2026:18:54:41 +0530] "GET /bumppy/2023/06/familybond-768x461.webp HTTP/1.1" 200 64492 "-" "Mozilla/5.0 (compatible; Barkrowler/0.9; +https://babbar.tech/crawler)"
217.113.194.77 - - [20/Apr/2026:18:54:54 +0530] "GET /bumppy/2023/06/familybond-700x420.webp HTTP/1.1" 200 57666 "-" "Mozilla/5.0 (compatible; Barkrowler/0.9; +https://babbar.tech/crawler)"
217.113.194.72 - - [20/Apr/2026:18:55:09 +0530] "GET /bumppy/2023/06/familybond-696x418.webp HTTP/1.1" 200 57350 "-" "Mozilla/5.0 (compatible; Barkrowler/0.9; +https://babbar.tech/crawler)"
217.113.194.73 - - [20/Apr/2026:18:55:23 +0530] "GET /bumppy/2023/06/familybond-696x385.webp HTTP/1.1" 200 51952 "-" "Mozilla/5.0 (compatible; Barkrowler/0.9; +https://babbar.tech/crawler)"
217.113.194.74 - - [20/Apr/2026:18:55:55 +0530] "GET /bumppy/2023/06/familybond-1068x580.webp HTTP/1.1" 200 90130 "-" "Mozilla/5.0 (compatible; Barkrowler/0.9; +https://babbar.tech/crawler)"
17.22.237.41 - - [20/Apr/2026:18:56:09 +0530] "GET /bumppy/2023/06/familybond-696x385.webp HTTP/1.1" 200 51952 "-" "Mozilla/5.0 (Macintosh; Intel Mac OS X 10_15_7) AppleWebKit/605.1.15 (KHTML, like Gecko) Version/17.4 Safari/605.1.15 (Applebot/0.1; +http://www.apple.com/go/applebot)"
17.241.75.82 - - [20/Apr/2026:18:56:15 +0530] "GET /bumppy/2017/03/The-Trailer-Of-Vidya-Balanu2019s-Begum-Jaan-Is-Here-And-Itu2019s-Super-Intense-150x150.png HTTP/1.1" 200 39836 "-" "Mozilla/5.0 (Macintosh; Intel Mac OS X 10_15_7) AppleWebKit/605.1.15 (KHTML, like Gecko) Version/17.4 Safari/605.1.15 (Applebot/0.1; +http://www.apple.com/go/applebot)"
217.113.194.78 - - [20/Apr/2026:18:56:20 +0530] "GET /bumppy/2023/06/familybond-1068x641.webp HTTP/1.1" 200 103308 "-" "Mozilla/5.0 (compatible; Barkrowler/0.9; +https://babbar.tech/crawler)"
217.113.194.218 - - [20/Apr/2026:18:56:34 +0530] "GET /bumppy/2023/06/familybond-533x261.webp HTTP/1.1" 200 31090 "-" "Mozilla/5.0 (compatible; Barkrowler/0.9; +https://babbar.tech/crawler)"
116.179.32.225 - - [20/Apr/2026:18:56:39 +0530] "GET /bumppy/2016/03/1-3-300x211.png HTTP/1.1" 200 51977 "-" "Baiduspider-image+(+http://www.baidu.com/search/spider.htm)"
116.179.32.198 - - [20/Apr/2026:18:56:40 +0530] "GET /bumppy/2018/06/1-10-218x150.jpg HTTP/1.1" 200 13053 "-" "Baiduspider-image+(+http://www.baidu.com/search/spider.htm)"
17.22.245.174 - - [20/Apr/2026:18:56:45 +0530] "GET /bumppy/2024/04/financial-planning.png HTTP/1.1" 200 978545 "-" "Mozilla/5.0 (Macintosh; Intel Mac OS X 10_15_7) AppleWebKit/605.1.15 (KHTML, like Gecko) Version/17.4 Safari/605.1.15 (Applebot/0.1; +http://www.apple.com/go/applebot)"
217.113.194.218 - - [20/Apr/2026:18:56:47 +0530] "GET /bumppy/2023/06/familybond-324x235.webp HTTP/1.1" 200 19596 "-" "Mozilla/5.0 (compatible; Barkrowler/0.9; +https://babbar.tech/crawler)"
217.113.194.77 - - [20/Apr/2026:18:57:01 +0530] "GET /bumppy/2023/06/familybond-324x400.webp HTTP/1.1" 200 22998 "-" "Mozilla/5.0 (compatible; Barkrowler/0.9; +https://babbar.tech/crawler)"
217.113.194.217 - - [20/Apr/2026:18:57:14 +0530] "GET /bumppy/2023/06/familybond-741x486.webp HTTP/1.1" 200 63088 "-" "Mozilla/5.0 (compatible; Barkrowler/0.9; +https://babbar.tech/crawler)"
154.54.249.200 - - [20/Apr/2026:18:57:28 +0530] "GET /bumppy/2023/06/familybond-300x180.webp HTTP/1.1" 200 16542 "-" "Mozilla/5.0 (compatible; Barkrowler/0.9; +https://babbar.tech/crawler)"
217.113.194.73 - - [20/Apr/2026:18:57:41 +0530] "GET /bumppy/2023/06/familybond-150x150.webp HTTP/1.1" 200 7026 "-" "Mozilla/5.0 (compatible; Barkrowler/0.9; +https://babbar.tech/crawler)"
217.113.194.81 - - [20/Apr/2026:18:57:55 +0530] "GET /bumppy/2023/07/Finance-1068x601.webp HTTP/1.1" 200 37938 "-" "Mozilla/5.0 (compatible; Barkrowler/0.9; +https://babbar.tech/crawler)"
217.113.194.73 - - [20/Apr/2026:18:58:09 +0530] "GET /bumppy/2023/07/sportsbetting-218x150.webp HTTP/1.1" 200 6266 "-" "Mozilla/5.0 (compatible; Barkrowler/0.9; +https://babbar.tech/crawler)"
220.181.108.174 - - [20/Apr/2026:18:58:10 +0530] "GET /bumppy/2023/10/image-1-100x70.png HTTP/1.1" 200 13772 "-" "Baiduspider-image+(+http://www.baidu.com/search/spider.htm)"
217.113.194.218 - - [20/Apr/2026:18:58:22 +0530] "GET /bumppy/2023/07/sportsbetting-533x261.webp HTTP/1.1" 200 15490 "-" "Mozilla/5.0 (compatible; Barkrowler/0.9; +https://babbar.tech/crawler)"
154.54.249.200 - - [20/Apr/2026:18:58:35 +0530] "GET /bumppy/2023/07/sportsbetting-696x385.webp HTTP/1.1" 200 25890 "-" "Mozilla/5.0 (compatible; Barkrowler/0.9; +https://babbar.tech/crawler)"
217.113.194.74 - - [20/Apr/2026:18:58:48 +0530] "GET /bumppy/2023/07/sportsbetting-696x497.webp HTTP/1.1" 200 32382 "-" "Mozilla/5.0 (compatible; Barkrowler/0.9; +https://babbar.tech/crawler)"
154.54.249.200 - - [20/Apr/2026:18:59:01 +0530] "GET /bumppy/2023/07/sportsbetting-1050x580.webp HTTP/1.1" 200 52264 "-" "Mozilla/5.0 (compatible; Barkrowler/0.9; +https://babbar.tech/crawler)"
217.113.194.218 - - [20/Apr/2026:18:59:14 +0530] "GET /bumppy/2023/07/sportsbetting-265x198.webp HTTP/1.1" 200 8704 "-" "Mozilla/5.0 (compatible; Barkrowler/0.9; +https://babbar.tech/crawler)"
154.54.249.200 - - [20/Apr/2026:18:59:27 +0530] "GET /bumppy/2023/07/sportsbetting-588x420.webp HTTP/1.1" 200 25518 "-" "Mozilla/5.0 (compatible; Barkrowler/0.9; +https://babbar.tech/crawler)"
220.181.108.169 - - [20/Apr/2026:18:59:27 +0530] "GET /bumppy/2024/03/image-7.png HTTP/1.1" 200 485933 "-" "Baiduspider-image+(+http://www.baidu.com/search/spider.htm)"
217.113.194.72 - - [20/Apr/2026:18:59:40 +0530] "GET /bumppy/2023/07/sportsbetting-150x107.webp HTTP/1.1" 200 3932 "-" "Mozilla/5.0 (compatible; Barkrowler/0.9; +https://babbar.tech/crawler)"
217.113.194.73 - - [20/Apr/2026:18:59:53 +0530] "GET /bumppy/2023/07/sportsbetting-150x150.webp HTTP/1.1" 200 5392 "-" "Mozilla/5.0 (compatible; Barkrowler/0.9; +https://babbar.tech/crawler)"
217.113.194.77 - - [20/Apr/2026:19:00:06 +0530] "GET /bumppy/2023/07/sportsbetting-640x750.webp HTTP/1.1" 200 52202 "-" "Mozilla/5.0 (compatible; Barkrowler/0.9; +https://babbar.tech/crawler)"
217.113.194.76 - - [20/Apr/2026:19:00:20 +0530] "GET /bumppy/2023/07/SEO-1068x641.webp HTTP/1.1" 200 70504 "-" "Mozilla/5.0 (compatible; Barkrowler/0.9; +https://babbar.tech/crawler)"
116.179.32.96 - - [20/Apr/2026:19:00:30 +0530] "GET /bumppy/2014/11/Apni-pasand-se-shadi-ki-hai-to-ab-kisi-se-shikayat-ni-kar-sakte-300x150.gif HTTP/1.1" 200 21716 "-" "Mozilla/5.0 (compatible; Baiduspider/2.0; +http://www.baidu.com/search/spider.html)"
217.113.194.76 - - [20/Apr/2026:19:00:34 +0530] "GET /bumppy/2023/07/SEO-1068x580.webp HTTP/1.1" 200 63848 "-" "Mozilla/5.0 (compatible; Barkrowler/0.9; +https://babbar.tech/crawler)"
217.113.194.81 - - [20/Apr/2026:19:00:47 +0530] "GET /bumppy/2023/07/data-recovery-640x592.webp HTTP/1.1" 200 20600 "-" "Mozilla/5.0 (compatible; Barkrowler/0.9; +https://babbar.tech/crawler)"
217.113.194.74 - - [20/Apr/2026:19:01:00 +0530] "GET /bumppy/2023/07/data-recovery-324x160.webp HTTP/1.1" 200 7318 "-" "Mozilla/5.0 (compatible; Barkrowler/0.9; +https://babbar.tech/crawler)"
217.113.194.77 - - [20/Apr/2026:19:01:14 +0530] "GET /bumppy/2023/07/data-recovery-96x96.webp HTTP/1.1" 200 2396 "-" "Mozilla/5.0 (compatible; Barkrowler/0.9; +https://babbar.tech/crawler)"
217.113.194.75 - - [20/Apr/2026:19:01:27 +0530] "GET /bumppy/2023/07/Casino-1068x580.webp HTTP/1.1" 200 105948 "-" "Mozilla/5.0 (compatible; Barkrowler/0.9; +https://babbar.tech/crawler)"
217.113.194.77 - - [20/Apr/2026:19:01:42 +0530] "GET /bumppy/2023/07/Casino-1068x601.webp HTTP/1.1" 200 108706 "-" "Mozilla/5.0 (compatible; Barkrowler/0.9; +https://babbar.tech/crawler)"
217.113.194.76 - - [20/Apr/2026:19:01:55 +0530] "GET /bumppy/2023/09/AI-Casino-100x70.webp HTTP/1.1" 200 1876 "-" "Mozilla/5.0 (compatible; Barkrowler/0.9; +https://babbar.tech/crawler)"
217.113.194.74 - - [20/Apr/2026:19:02:08 +0530] "GET /bumppy/2023/09/AI-Casino-324x160.webp HTTP/1.1" 200 6902 "-" "Mozilla/5.0 (compatible; Barkrowler/0.9; +https://babbar.tech/crawler)"
217.113.194.75 - - [20/Apr/2026:19:02:21 +0530] "GET /bumppy/2023/09/AI-Casino-80x60.webp HTTP/1.1" 200 1504 "-" "Mozilla/5.0 (compatible; Barkrowler/0.9; +https://babbar.tech/crawler)"
217.113.194.81 - - [20/Apr/2026:19:02:35 +0530] "GET /bumppy/2023/09/Insurance-696x385.webp HTTP/1.1" 200 31948 "-" "Mozilla/5.0 (compatible; Barkrowler/0.9; +https://babbar.tech/crawler)"
116.179.32.160 - - [20/Apr/2026:19:02:47 +0530] "GET /bumppy/2017/06/hirschsprungs-disease-jameus-dallas-lynn-14-604x270.jpg HTTP/1.1" 200 23280 "-" "Baiduspider-image+(+http://www.baidu.com/search/spider.htm)"
217.113.194.81 - - [20/Apr/2026:19:02:49 +0530] "GET /bumppy/2023/09/Insurance-696x330.webp HTTP/1.1" 200 29764 "-" "Mozilla/5.0 (compatible; Barkrowler/0.9; +https://babbar.tech/crawler)"
154.54.249.200 - - [20/Apr/2026:19:03:02 +0530] "GET /bumppy/2023/09/Insurance-741x486.webp HTTP/1.1" 200 36086 "-" "Mozilla/5.0 (compatible; Barkrowler/0.9; +https://babbar.tech/crawler)"
217.113.194.74 - - [20/Apr/2026:19:03:15 +0530] "GET /bumppy/2023/09/Insurance-533x261.webp HTTP/1.1" 200 20958 "-" "Mozilla/5.0 (compatible; Barkrowler/0.9; +https://babbar.tech/crawler)"
217.113.194.78 - - [20/Apr/2026:19:03:29 +0530] "GET /bumppy/2023/09/Insurance-886x420.webp HTTP/1.1" 200 40942 "-" "Mozilla/5.0 (compatible; Barkrowler/0.9; +https://babbar.tech/crawler)"
217.113.194.75 - - [20/Apr/2026:19:03:42 +0530] "GET /bumppy/2023/09/Insurance-356x364.webp HTTP/1.1" 200 17222 "-" "Mozilla/5.0 (compatible; Barkrowler/0.9; +https://babbar.tech/crawler)"
217.113.194.81 - - [20/Apr/2026:19:03:56 +0530] "GET /bumppy/2023/09/Insurance-356x220.webp HTTP/1.1" 200 13076 "-" "Mozilla/5.0 (compatible; Barkrowler/0.9; +https://babbar.tech/crawler)"
217.113.194.72 - - [20/Apr/2026:19:04:09 +0530] "GET /bumppy/2023/09/Insurance-534x462.webp HTTP/1.1" 200 27818 "-" "Mozilla/5.0 (compatible; Barkrowler/0.9; +https://babbar.tech/crawler)"
217.113.194.72 - - [20/Apr/2026:19:04:23 +0530] "GET /bumppy/2023/09/Insurance-768x364.webp HTTP/1.1" 200 33596 "-" "Mozilla/5.0 (compatible; Barkrowler/0.9; +https://babbar.tech/crawler)"
220.181.108.94 - - [20/Apr/2026:19:04:24 +0530] "GET /bumppy/2016/07/Parents-across-the-world-are-calling-this-the-best-song-ever-300x202.png HTTP/1.1" 200 89687 "-" "Baiduspider-image+(+http://www.baidu.com/search/spider.htm)"
217.113.194.77 - - [20/Apr/2026:19:04:37 +0530] "GET /bumppy/2023/09/Insurance-1068x580.webp HTTP/1.1" 200 54470 "-" "Mozilla/5.0 (compatible; Barkrowler/0.9; +https://babbar.tech/crawler)"
154.54.249.200 - - [20/Apr/2026:19:04:51 +0530] "GET /bumppy/2023/09/Insurance-1068x507.webp HTTP/1.1" 200 51108 "-" "Mozilla/5.0 (compatible; Barkrowler/0.9; +https://babbar.tech/crawler)"
217.113.194.80 - - [20/Apr/2026:19:05:04 +0530] "GET /bumppy/2023/09/online-casino-324x400.webp HTTP/1.1" 200 27690 "-" "Mozilla/5.0 (compatible; Barkrowler/0.9; +https://babbar.tech/crawler)"
217.113.194.72 - - [20/Apr/2026:19:05:17 +0530] "GET /bumppy/2023/09/online-casino-1536x866.webp HTTP/1.1" 200 121938 "-" "Mozilla/5.0 (compatible; Barkrowler/0.9; +https://babbar.tech/crawler)"
154.54.249.200 - - [20/Apr/2026:19:05:31 +0530] "GET /bumppy/2023/09/online-casino-150x150.webp HTTP/1.1" 200 8536 "-" "Mozilla/5.0 (compatible; Barkrowler/0.9; +https://babbar.tech/crawler)"
217.113.194.78 - - [20/Apr/2026:19:05:44 +0530] "GET /bumppy/2023/09/online-casino-768x433.webp HTTP/1.1" 200 54120 "-" "Mozilla/5.0 (compatible; Barkrowler/0.9; +https://babbar.tech/crawler)"
154.54.249.200 - - [20/Apr/2026:19:05:57 +0530] "GET /bumppy/2023/09/online-casino-300x169.webp HTTP/1.1" 200 15278 "-" "Mozilla/5.0 (compatible; Barkrowler/0.9; +https://babbar.tech/crawler)"
217.113.194.79 - - [20/Apr/2026:19:06:10 +0530] "GET /bumppy/2023/09/online-casino-1068x580.webp HTTP/1.1" 200 82776 "-" "Mozilla/5.0 (compatible; Barkrowler/0.9; +https://babbar.tech/crawler)"
217.113.194.218 - - [20/Apr/2026:19:06:28 +0530] "GET /bumppy/2023/09/online-casino-533x261.webp HTTP/1.1" 200 33674 "-" "Mozilla/5.0 (compatible; Barkrowler/0.9; +https://babbar.tech/crawler)"
217.113.194.79 - - [20/Apr/2026:19:06:44 +0530] "GET /bumppy/2023/09/online-casino-356x364.webp HTTP/1.1" 200 29076 "-" "Mozilla/5.0 (compatible; Barkrowler/0.9; +https://babbar.tech/crawler)"
217.113.194.74 - - [20/Apr/2026:19:07:03 +0530] "GET /bumppy/2023/09/online-casino-356x220.webp HTTP/1.1" 200 21102 "-" "Mozilla/5.0 (compatible; Barkrowler/0.9; +https://babbar.tech/crawler)"
217.113.194.218 - - [20/Apr/2026:19:07:20 +0530] "GET /bumppy/2023/09/Casino-1068x580.webp HTTP/1.1" 200 43118 "-" "Mozilla/5.0 (compatible; Barkrowler/0.9; +https://babbar.tech/crawler)"
154.54.249.200 - - [20/Apr/2026:19:07:37 +0530] "GET /bumppy/2023/09/Casino-1068x601.webp HTTP/1.1" 200 44104 "-" "Mozilla/5.0 (compatible; Barkrowler/0.9; +https://babbar.tech/crawler)"
217.113.194.72 - - [20/Apr/2026:19:07:54 +0530] "GET /bumppy/2023/09/Casino-Games-640x750.webp HTTP/1.1" 200 34828 "-" "Mozilla/5.0 (compatible; Barkrowler/0.9; +https://babbar.tech/crawler)"
217.113.194.76 - - [20/Apr/2026:19:08:09 +0530] "GET /bumppy/2023/09/Casino-Games-1024x683.webp HTTP/1.1" 200 44770 "-" "Mozilla/5.0 (compatible; Barkrowler/0.9; +https://babbar.tech/crawler)"
217.113.194.217 - - [20/Apr/2026:19:08:23 +0530] "GET /bumppy/2023/09/Casino-Games-324x160.webp HTTP/1.1" 200 8226 "-" "Mozilla/5.0 (compatible; Barkrowler/0.9; +https://babbar.tech/crawler)"
217.113.194.80 - - [20/Apr/2026:19:08:37 +0530] "GET /bumppy/2023/09/Casino-Games-96x96.webp HTTP/1.1" 200 2450 "-" "Mozilla/5.0 (compatible; Barkrowler/0.9; +https://babbar.tech/crawler)"
217.113.194.74 - - [20/Apr/2026:19:08:51 +0530] "GET /bumppy/2023/09/Casino-Games-300x200.webp HTTP/1.1" 200 9626 "-" "Mozilla/5.0 (compatible; Barkrowler/0.9; +https://babbar.tech/crawler)"
220.181.108.156 - - [20/Apr/2026:19:08:58 +0530] "GET /bumppy/2018/06/1.-10-Dialogues-by-Most-hilarious-movie-The-Gangs-of-Wasseypur-will-make-you-watch-all-over-again-280x300.jpg HTTP/1.1" 200 16567 "-" "Baiduspider-image+(+http://www.baidu.com/search/spider.htm)"
217.113.194.217 - - [20/Apr/2026:19:09:05 +0530] "GET /bumppy/2023/05/MobileMarketing-100x70.webp HTTP/1.1" 200 3486 "-" "Mozilla/5.0 (compatible; Barkrowler/0.9; +https://babbar.tech/crawler)"
217.113.194.78 - - [20/Apr/2026:19:09:18 +0530] "GET /bumppy/2023/05/Workout-356x364.webp HTTP/1.1" 200 15454 "-" "Mozilla/5.0 (compatible; Barkrowler/0.9; +https://babbar.tech/crawler)"
217.113.194.79 - - [20/Apr/2026:19:09:32 +0530] "GET /bumppy/2023/05/Workout-356x220.webp HTTP/1.1" 200 11346 "-" "Mozilla/5.0 (compatible; Barkrowler/0.9; +https://babbar.tech/crawler)"
17.22.245.142 - - [20/Apr/2026:19:09:41 +0530] "GET /bumppy/2015/11/This-Entertaining-Video-Lets-you-know-About-The-8-Sorts-Of-Young-ladies-You-Meet-On-Tinder-144x144.png HTTP/1.1" 200 36445 "-" "Mozilla/5.0 (Macintosh; Intel Mac OS X 10_15_7) AppleWebKit/605.1.15 (KHTML, like Gecko) Version/17.4 Safari/605.1.15 (Applebot/0.1; +http://www.apple.com/go/applebot)"
217.113.194.76 - - [20/Apr/2026:19:09:46 +0530] "GET /bumppy/2023/05/Workout-218x150.webp HTTP/1.1" 200 6306 "-" "Mozilla/5.0 (compatible; Barkrowler/0.9; +https://babbar.tech/crawler)"
217.113.194.72 - - [20/Apr/2026:19:10:00 +0530] "GET /bumppy/2023/05/Workout-534x462.webp HTTP/1.1" 200 23402 "-" "Mozilla/5.0 (compatible; Barkrowler/0.9; +https://babbar.tech/crawler)"
217.113.194.79 - - [20/Apr/2026:19:10:14 +0530] "GET /bumppy/2023/05/Workout-768x431.webp HTTP/1.1" 200 27988 "-" "Mozilla/5.0 (compatible; Barkrowler/0.9; +https://babbar.tech/crawler)"
217.113.194.75 - - [20/Apr/2026:19:10:29 +0530] "GET /bumppy/2023/05/Workout-696x385.webp HTTP/1.1" 200 24622 "-" "Mozilla/5.0 (compatible; Barkrowler/0.9; +https://babbar.tech/crawler)"
116.179.32.48 - - [20/Apr/2026:19:10:30 +0530] "GET /bumppy/2014/10/fs-300x200.jpg HTTP/1.1" 200 14421 "-" "Baiduspider-image+(+http://www.baidu.com/search/spider.htm)"
220.181.108.147 - - [20/Apr/2026:19:10:30 +0530] "GET /bumppy/2014/10/tre1-430x270.jpg HTTP/1.1" 200 35619 "-" "Baiduspider-image+(+http://www.baidu.com/search/spider.htm)"
217.113.194.217 - - [20/Apr/2026:19:10:44 +0530] "GET /bumppy/2023/05/Workout-1068x580.webp HTTP/1.1" 200 39820 "-" "Mozilla/5.0 (compatible; Barkrowler/0.9; +https://babbar.tech/crawler)"
116.179.32.36 - - [20/Apr/2026:19:10:51 +0530] "GET /bumppy/2024/03/image-2-356x220.png HTTP/1.1" 200 37689 "-" "Baiduspider-image+(+http://www.baidu.com/search/spider.htm)"
217.113.194.217 - - [20/Apr/2026:19:10:58 +0530] "GET /bumppy/2023/05/Workout-533x261.webp HTTP/1.1" 200 16060 "-" "Mozilla/5.0 (compatible; Barkrowler/0.9; +https://babbar.tech/crawler)"
217.113.194.76 - - [20/Apr/2026:19:11:12 +0530] "GET /bumppy/2023/05/Workout-324x235.webp HTTP/1.1" 200 11330 "-" "Mozilla/5.0 (compatible; Barkrowler/0.9; +https://babbar.tech/crawler)"
217.113.194.80 - - [20/Apr/2026:19:11:25 +0530] "GET /bumppy/2023/05/Workout-324x400.webp HTTP/1.1" 200 15002 "-" "Mozilla/5.0 (compatible; Barkrowler/0.9; +https://babbar.tech/crawler)"
217.113.194.72 - - [20/Apr/2026:19:11:39 +0530] "GET /bumppy/2023/05/Workout-741x486.webp HTTP/1.1" 200 30734 "-" "Mozilla/5.0 (compatible; Barkrowler/0.9; +https://babbar.tech/crawler)"
217.113.194.217 - - [20/Apr/2026:19:11:54 +0530] "GET /bumppy/2023/05/Workout-300x168.webp HTTP/1.1" 200 8196 "-" "Mozilla/5.0 (compatible; Barkrowler/0.9; +https://babbar.tech/crawler)"
217.113.194.81 - - [20/Apr/2026:19:12:09 +0530] "GET /bumppy/2023/05/Workout-150x150.webp HTTP/1.1" 200 4998 "-" "Mozilla/5.0 (compatible; Barkrowler/0.9; +https://babbar.tech/crawler)"
217.113.194.218 - - [20/Apr/2026:19:12:23 +0530] "GET /bumppy/2023/05/KrantomCapsules.webp HTTP/1.1" 200 54402 "-" "Mozilla/5.0 (compatible; Barkrowler/0.9; +https://babbar.tech/crawler)"
119.249.100.43 - - [20/Apr/2026:19:12:30 +0530] "GET /bumppy/2014/10/tre1-430x270.jpg HTTP/1.1" 200 35619 "-" "Mozilla/5.0 (Windows NT 10.0; WOW64) AppleWebKit/537.36 (KHTML, like Gecko) Chrome/48.0.2564.116 Safari/537.36"
216.244.66.250 - - [20/Apr/2026:19:12:35 +0530] "GET /robots.txt HTTP/1.1" 404 315 "-" "Mozilla/5.0 (compatible; DotBot/1.2; +https://opensiteexplorer.org/dotbot; help@moz.com)"
217.113.194.77 - - [20/Apr/2026:19:12:38 +0530] "GET /bumppy/2023/05/Casino_games-324x160.webp HTTP/1.1" 200 14326 "-" "Mozilla/5.0 (compatible; Barkrowler/0.9; +https://babbar.tech/crawler)"
217.113.194.80 - - [20/Apr/2026:19:12:53 +0530] "GET /bumppy/2024/01/dating-standard-356x364.webp HTTP/1.1" 200 18650 "-" "Mozilla/5.0 (compatible; Barkrowler/0.9; +https://babbar.tech/crawler)"
217.113.194.76 - - [20/Apr/2026:19:13:07 +0530] "GET /bumppy/2024/01/dating-standard-356x220.webp HTTP/1.1" 200 13192 "-" "Mozilla/5.0 (compatible; Barkrowler/0.9; +https://babbar.tech/crawler)"
116.179.32.27 - - [20/Apr/2026:19:13:14 +0530] "GET /bumppy/2023/04/Marketing-80x60.jpg HTTP/1.1" 200 2868 "-" "Baiduspider-image+(+http://www.baidu.com/search/spider.htm)"
154.54.249.200 - - [20/Apr/2026:19:13:21 +0530] "GET /bumppy/2024/01/dating-standard-265x198.webp HTTP/1.1" 200 10220 "-" "Mozilla/5.0 (compatible; Barkrowler/0.9; +https://babbar.tech/crawler)"
116.179.32.40 - - [20/Apr/2026:19:13:35 +0530] "GET /bumppy/2014/10/unnamed-1-150x150.jpg HTTP/1.1" 200 8283 "-" "Baiduspider-image+(+http://www.baidu.com/search/spider.htm)"
217.113.194.79 - - [20/Apr/2026:19:13:36 +0530] "GET /bumppy/2024/01/dating-standard-324x400.webp HTTP/1.1" 200 17312 "-" "Mozilla/5.0 (compatible; Barkrowler/0.9; +https://babbar.tech/crawler)"
217.113.194.72 - - [20/Apr/2026:19:13:50 +0530] "GET /bumppy/2024/01/dating-standard-533x261.webp HTTP/1.1" 200 21192 "-" "Mozilla/5.0 (compatible; Barkrowler/0.9; +https://babbar.tech/crawler)"
217.113.194.78 - - [20/Apr/2026:19:14:04 +0530] "GET /bumppy/2023/03/Pin_up-265x198.webp HTTP/1.1" 200 13584 "-" "Mozilla/5.0 (compatible; Barkrowler/0.9; +https://babbar.tech/crawler)"
116.179.32.146 - - [20/Apr/2026:19:14:17 +0530] "GET /bumppy/2016/09/10-Reasons-Why-My-Daddy-Is-My-SuperHero-144x144.jpg HTTP/1.1" 200 5813 "-" "Baiduspider-image+(+http://www.baidu.com/search/spider.htm)"
217.113.194.217 - - [20/Apr/2026:19:14:18 +0530] "GET /bumppy/2023/03/Pin_up-218x150.webp HTTP/1.1" 200 9780 "-" "Mozilla/5.0 (compatible; Barkrowler/0.9; +https://babbar.tech/crawler)"
217.113.194.76 - - [20/Apr/2026:19:14:32 +0530] "GET /bumppy/2023/03/Pin_up-150x150.webp HTTP/1.1" 200 7788 "-" "Mozilla/5.0 (compatible; Barkrowler/0.9; +https://babbar.tech/crawler)"
116.179.32.140 - - [20/Apr/2026:19:14:37 +0530] "GET /bumppy/2018/06/1-324x235.jpg HTTP/1.1" 200 30096 "-" "Baiduspider-image+(+http://www.baidu.com/search/spider.htm)"
217.113.194.75 - - [20/Apr/2026:19:14:47 +0530] "GET /bumppy/2023/03/Pin_up-534x462.webp HTTP/1.1" 200 36068 "-" "Mozilla/5.0 (compatible; Barkrowler/0.9; +https://babbar.tech/crawler)"
116.179.32.148 - - [20/Apr/2026:19:14:58 +0530] "GET /bumppy/2016/03/In-the-event-that-You-Cherish-Driving-In-spite-of-The-Issues-On-Indian-Streets-This-Video-Is-Only-For-You--300x201.jpg HTTP/1.1" 200 12772 "-" "Baiduspider-image+(+http://www.baidu.com/search/spider.htm)"
217.113.194.77 - - [20/Apr/2026:19:15:01 +0530] "GET /bumppy/2023/03/Pin_up-356x220.webp HTTP/1.1" 200 17520 "-" "Mozilla/5.0 (compatible; Barkrowler/0.9; +https://babbar.tech/crawler)"
217.113.194.81 - - [20/Apr/2026:19:15:16 +0530] "GET /bumppy/2023/03/Pin_up-741x486.webp HTTP/1.1" 200 45010 "-" "Mozilla/5.0 (compatible; Barkrowler/0.9; +https://babbar.tech/crawler)"
116.179.32.139 - - [20/Apr/2026:19:15:19 +0530] "GET /bumppy/2017/06/average-girl-comics-10-593692214ff11__700.jpg HTTP/1.1" 200 634959 "-" "Baiduspider-image+(+http://www.baidu.com/search/spider.htm)"
17.22.237.143 - - [20/Apr/2026:19:15:31 +0530] "GET /bumppy/2015/06/Contrasting-Yourself-With-Others-Is-Not-A-Smart-thought.-This-Fellow-Lets-you-know-Why-Superbly.--144x144.png HTTP/1.1" 200 27366 "-" "Mozilla/5.0 (Macintosh; Intel Mac OS X 10_15_7) AppleWebKit/605.1.15 (KHTML, like Gecko) Version/17.4 Safari/605.1.15 (Applebot/0.1; +http://www.apple.com/go/applebot)"
217.113.194.80 - - [20/Apr/2026:19:15:31 +0530] "GET /bumppy/2023/03/Pin_up-300x169.webp HTTP/1.1" 200 13046 "-" "Mozilla/5.0 (compatible; Barkrowler/0.9; +https://babbar.tech/crawler)"
217.113.194.78 - - [20/Apr/2026:19:15:45 +0530] "GET /bumppy/2023/03/Pin_up-324x400.webp HTTP/1.1" 200 22922 "-" "Mozilla/5.0 (compatible; Barkrowler/0.9; +https://babbar.tech/crawler)"
217.113.194.218 - - [20/Apr/2026:19:15:59 +0530] "GET /bumppy/2023/03/Pin_up-533x261.webp HTTP/1.1" 200 24604 "-" "Mozilla/5.0 (compatible; Barkrowler/0.9; +https://babbar.tech/crawler)"
217.113.194.79 - - [20/Apr/2026:19:16:14 +0530] "GET /bumppy/2023/03/Pin_up-768x432.webp HTTP/1.1" 200 43766 "-" "Mozilla/5.0 (compatible; Barkrowler/0.9; +https://babbar.tech/crawler)"
116.179.32.165 - - [20/Apr/2026:19:16:21 +0530] "GET /bumppy/2018/12/17.-21-Love-Shayari-From-Acclaimed-Bollywood-Movies-That-We-All-Use-Frequently-741x486.jpg HTTP/1.1" 200 125136 "-" "Baiduspider-image+(+http://www.baidu.com/search/spider.htm)"
217.113.194.79 - - [20/Apr/2026:19:16:30 +0530] "GET /bumppy/2023/03/Spectrum-300x169.webp HTTP/1.1" 200 5092 "-" "Mozilla/5.0 (compatible; Barkrowler/0.9; +https://babbar.tech/crawler)"
217.113.194.80 - - [20/Apr/2026:19:16:43 +0530] "GET /bumppy/2023/03/Spectrum-533x261.webp HTTP/1.1" 200 9078 "-" "Mozilla/5.0 (compatible; Barkrowler/0.9; +https://babbar.tech/crawler)"
217.113.194.77 - - [20/Apr/2026:19:16:58 +0530] "GET /bumppy/2023/03/Spectrum-324x400.webp HTTP/1.1" 200 9486 "-" "Mozilla/5.0 (compatible; Barkrowler/0.9; +https://babbar.tech/crawler)"
154.54.249.200 - - [20/Apr/2026:19:17:12 +0530] "GET /bumppy/2023/03/Spectrum-741x486.webp HTTP/1.1" 200 16030 "-" "Mozilla/5.0 (compatible; Barkrowler/0.9; +https://babbar.tech/crawler)"
217.113.194.75 - - [20/Apr/2026:19:17:28 +0530] "GET /bumppy/2023/03/Spectrum-356x364.webp HTTP/1.1" 200 9656 "-" "Mozilla/5.0 (compatible; Barkrowler/0.9; +https://babbar.tech/crawler)"
154.54.249.200 - - [20/Apr/2026:19:17:42 +0530] "GET /bumppy/2023/03/Spectrum-356x220.webp HTTP/1.1" 200 6612 "-" "Mozilla/5.0 (compatible; Barkrowler/0.9; +https://babbar.tech/crawler)"
217.113.194.78 - - [20/Apr/2026:19:17:55 +0530] "GET /bumppy/2023/03/Spectrum-1068x580.webp HTTP/1.1" 200 21232 "-" "Mozilla/5.0 (compatible; Barkrowler/0.9; +https://babbar.tech/crawler)"
217.113.194.75 - - [20/Apr/2026:19:18:28 +0530] "GET /bumppy/2023/03/Spectrum-1068x601.webp HTTP/1.1" 200 21618 "-" "Mozilla/5.0 (compatible; Barkrowler/0.9; +https://babbar.tech/crawler)"
217.113.194.76 - - [20/Apr/2026:19:18:44 +0530] "GET /bumppy/2023/03/Spectrum-1024x576.webp HTTP/1.1" 200 19918 "-" "Mozilla/5.0 (compatible; Barkrowler/0.9; +https://babbar.tech/crawler)"
217.113.194.79 - - [20/Apr/2026:19:18:57 +0530] "GET /bumppy/2023/03/oxygen_activate-485x360.webp HTTP/1.1" 200 17712 "-" "Mozilla/5.0 (compatible; Barkrowler/0.9; +https://babbar.tech/crawler)"
217.113.194.218 - - [20/Apr/2026:19:19:10 +0530] "GET /bumppy/2023/03/oxygen_activate-100x70.webp HTTP/1.1" 200 2818 "-" "Mozilla/5.0 (compatible; Barkrowler/0.9; +https://babbar.tech/crawler)"
217.113.194.218 - - [20/Apr/2026:19:19:23 +0530] "GET /bumppy/2023/03/oxygen_activate-80x60.webp HTTP/1.1" 200 2068 "-" "Mozilla/5.0 (compatible; Barkrowler/0.9; +https://babbar.tech/crawler)"
116.179.32.224 - - [20/Apr/2026:19:19:29 +0530] "GET /bumppy/2023/03/QR_Code-741x486.png HTTP/1.1" 200 501390 "-" "Baiduspider-image+(+http://www.baidu.com/search/spider.htm)"
217.113.194.75 - - [20/Apr/2026:19:19:36 +0530] "GET /bumppy/2023/03/Rummy-265x198.webp HTTP/1.1" 200 6782 "-" "Mozilla/5.0 (compatible; Barkrowler/0.9; +https://babbar.tech/crawler)"
116.179.32.149 - - [20/Apr/2026:19:19:49 +0530] "GET /bumppy/2016/05/A-Couple-From-Taiwan-Is-Making-Memes-Of-The-Famous-FollowMe-Series-And-They%E2%80%99re-Hilarious-AF-150x150.jpg HTTP/1.1" 200 8294 "-" "Baiduspider-image+(+http://www.baidu.com/search/spider.htm)"
217.113.194.218 - - [20/Apr/2026:19:19:49 +0530] "GET /bumppy/2023/03/Rummy-533x261.webp HTTP/1.1" 200 10782 "-" "Mozilla/5.0 (compatible; Barkrowler/0.9; +https://babbar.tech/crawler)"
217.113.194.79 - - [20/Apr/2026:19:20:02 +0530] "GET /bumppy/2023/03/Rummy-324x400.webp HTTP/1.1" 200 11376 "-" "Mozilla/5.0 (compatible; Barkrowler/0.9; +https://babbar.tech/crawler)"
217.113.194.78 - - [20/Apr/2026:19:20:15 +0530] "GET /bumppy/2023/03/Rummy-741x486.webp HTTP/1.1" 200 22140 "-" "Mozilla/5.0 (compatible; Barkrowler/0.9; +https://babbar.tech/crawler)"
217.113.194.72 - - [20/Apr/2026:19:20:29 +0530] "GET /bumppy/2023/03/Rummy-356x364.webp HTTP/1.1" 200 11200 "-" "Mozilla/5.0 (compatible; Barkrowler/0.9; +https://babbar.tech/crawler)"
217.113.194.80 - - [20/Apr/2026:19:20:42 +0530] "GET /bumppy/2023/03/Rummy-356x220.webp HTTP/1.1" 200 8614 "-" "Mozilla/5.0 (compatible; Barkrowler/0.9; +https://babbar.tech/crawler)"
217.113.194.76 - - [20/Apr/2026:19:20:55 +0530] "GET /bumppy/2023/03/RummyGames-100x70.webp HTTP/1.1" 200 2682 "-" "Mozilla/5.0 (compatible; Barkrowler/0.9; +https://babbar.tech/crawler)"
217.113.194.75 - - [20/Apr/2026:19:21:08 +0530] "GET /bumppy/2023/03/RummyGames-1024x682.webp HTTP/1.1" 200 49568 "-" "Mozilla/5.0 (compatible; Barkrowler/0.9; +https://babbar.tech/crawler)"
217.113.194.79 - - [20/Apr/2026:19:21:22 +0530] "GET /bumppy/2023/03/RummyGames-300x200.webp HTTP/1.1" 200 11102 "-" "Mozilla/5.0 (compatible; Barkrowler/0.9; +https://babbar.tech/crawler)"
217.113.194.81 - - [20/Apr/2026:19:21:36 +0530] "GET /bumppy/2023/03/RummyGames-485x360.webp HTTP/1.1" 200 20112 "-" "Mozilla/5.0 (compatible; Barkrowler/0.9; +https://babbar.tech/crawler)"
217.113.194.77 - - [20/Apr/2026:19:21:49 +0530] "GET /bumppy/2023/03/Cricket-1-324x400.webp HTTP/1.1" 200 14582 "-" "Mozilla/5.0 (compatible; Barkrowler/0.9; +https://babbar.tech/crawler)"
217.113.194.217 - - [20/Apr/2026:19:22:03 +0530] "GET /bumppy/2023/03/Cricket-1-485x360.webp HTTP/1.1" 200 20840 "-" "Mozilla/5.0 (compatible; Barkrowler/0.9; +https://babbar.tech/crawler)"
217.113.194.76 - - [20/Apr/2026:19:22:16 +0530] "GET /bumppy/2023/03/Cricket-1-300x176.webp HTTP/1.1" 200 9170 "-" "Mozilla/5.0 (compatible; Barkrowler/0.9; +https://babbar.tech/crawler)"
217.113.194.77 - - [20/Apr/2026:19:22:30 +0530] "GET /bumppy/2023/01/Whale-1068x713.webp HTTP/1.1" 200 108074 "-" "Mozilla/5.0 (compatible; Barkrowler/0.9; +https://babbar.tech/crawler)"
217.113.194.74 - - [20/Apr/2026:19:22:43 +0530] "GET /bumppy/2023/01/Whale-1068x580.webp HTTP/1.1" 200 91564 "-" "Mozilla/5.0 (compatible; Barkrowler/0.9; +https://babbar.tech/crawler)"
217.113.194.217 - - [20/Apr/2026:19:22:57 +0530] "GET /bumppy/2023/11/Spiritual-1024x450.webp HTTP/1.1" 200 44960 "-" "Mozilla/5.0 (compatible; Barkrowler/0.9; +https://babbar.tech/crawler)"
62.210.38.174 - - [20/Apr/2026:19:23:08 +0530] "GET /bumppy/2022/01/parimatch.png HTTP/1.0" 200 64358 "https://google.com, https://okna-na-narodnoi.ru/pari-kontora" "Mozilla/5.0 (X11; Linux i686 on x86_64; rv:66.0.5) Gecko/20100101 Firefox/66.0.5"
